thousands digit of 1731?
1
What is the hundreds digit of 1321?
3
What is the tens digit of 463?
6
What is the units digit of 866?
6
What is the tens digit of 811?
1
What is the tens digit of 433?
3
What is the ten thousands digit of 44954?
4
What is the tens digit of 1533?
3
What is the units digit of 16206?
6
What is the hundreds digit of 2006?
0
What is the thousands digit of 14675?
4
What is the units digit of 240?
0
What is the tens digit of 10743?
4
What is the tens digit of 50275?
7
What is the hundreds digit of 2559?
5
What is the hundreds digit of 1598?
5
What is the hundreds digit of 58509?
5
What is the ten thousands digit of 13661?
1
What is the hundreds digit of 71323?
3
What is the tens digit of 20016?
1
What is the thousands digit of 2170?
2
What is the thousands digit of 38651?
8
What is the thousands digit of 3372?
3
What is the units digit of 46692?
2
What is the units digit of 67?
7
What is the thousands digit of 4458?
4
What is the tens digit of 19544?
4
What is the hundreds digit of 7505?
5
What is the hundreds digit of 2191?
1
What is the tens digit of 2250?
5
What is the units digit of 1296?
6
What is the hundreds digit of 73630?
6
What is the units digit of 1328?
8
What is the hundreds digit of 4720?
7
What is the hundreds digit of 55317?
3
What is the thousands digit of 6399?
6
What is the tens digit of 1712?
1
What is the tens digit of 7117?
1
What is the thousands digit of 1411?
1
What is the thousands digit of 2423?
2
What is the tens digit of 4569?
6
What is the tens digit of 34108?
0
What is the ten thousands digit of 73762?
7
What is the thousands digit of 7352?
7
What is the tens digit of 280?
8
What is the units digit of 10808?
8
What is the hundreds digit of 4195?
1
What is the tens digit of 1413?
1
What is the tens digit of 706?
0
What is the tens digit of 5614?
1
What is the tens digit of 116076?
7
What is the hundreds digit of 6552?
5
What is the hundreds digit of 221?
2
What is the thousands digit of 16891?
6
What is the units digit of 1325?
5
What is the tens digit of 17135?
3
What is the hundreds digit of 10245?
2
What is the ten thousands digit of 62916?
6
What is the hundreds digit of 587?
5
What is the units digit of 70625?
5
What is the ten thousands digit of 62343?
6
What is the tens digit of 1122?
2
What is the thousands digit of 5633?
5
What is the thousands digit of 1153?
1
What is the hundreds digit of 1158?
1
What is the units digit of 101068?
8
What is the units digit of 4159?
9
What is the tens digit of 103?
0
What is the tens digit of 2499?
9
What is the thousands digit of 16889?
6
What is the hundreds digit of 2941?
9
What is the hundreds digit of 37806?
8
What is the thousands digit of 1376?
1
What is the units digit of 56?
6
What is the tens digit of 15505?
0
What is the tens digit of 80?
8
What is the ten thousands digit of 47587?
4
What is the units digit of 105?
5
What is the hundreds digit of 8412?
4
What is the hundreds digit of 6426?
4
What is the tens digit of 2834?
3
What is the hundreds digit of 870?
8
What is the units digit of 83012?
2
What is the tens digit of 1150?
5
What is the units digit of 9059?
9
What is the hundreds digit of 2291?
2
What is the tens digit of 230?
3
What is the hundreds digit of 235?
2
What is the hundreds digit of 1140?
1
What is the hundreds digit of 2753?
7
What is the hundreds digit of 45658?
6
What is the hundreds digit of 4412?
4
What is the ten thousands digit of 60011?
6
What is the tens digit of 878?
7
What is the hundreds digit of 4740?
7
What is the ten thousands digit of 10314?
1
What is the thousands digit of 10096?
0
What is the hundreds digit of 49426?
4
What is the tens digit of 96674?
7
What is the hundreds digit of 44123?
1
What is the units digit of 22175?
5
What is the hundreds digit of 1532?
5
What is the hundreds digit of 11125?
1
What is the units digit of 533?
3
What is the tens digit of 799?
9
What is the thousands digit of 3936?
3
What is the thousands digit of 24338?
4
What is the tens digit of 12150?
5
What is the hundreds digit of 779?
7
What is the hundreds digit of 124818?
8
What is the hundreds digit of 3019?
0
What is the thousands digit of 1251?
1
What is the hundreds digit of 236?
2
What is the tens digit of 4050?
5
What is the units digit of 4093?
3
What is the hundreds digit of 17241?
2
What is the thousands digit of 1528?
1
What is the units digit of 17162?
2
What is the units digit of 69808?
8
What is the hundreds digit of 532?
5
What is the ten thousands digit of 15849?
1
What is the units digit of 14264?
4
What is the hundreds digit of 1752?
7
What is the units digit of 1823?
3
What is the thousands digit of 1480?
1
What is the tens digit of 9280?
8
What is the thousands digit of 11485?
1
What is the tens digit of 1389?
8
What is the hundreds digit of 3736?
7
What is the units digit of 23822?
2
What is the units digit of 3757?
7
What is the thousands digit of 27588?
7
What is the units digit of 2141?
1
What is the ten thousands digit of 22724?
2
What is the units digit of 971?
1
What is the units digit of 8276?
6
What is the tens digit of 1400?
0
What is the hundreds digit of 1198?
1
What is the tens digit of 91?
9
What is the ten thousands digit of 131840?
3
What is the ten thousands digit of 28448?
2
What is the hundreds digit of 11143?
1
What is the tens digit of 789?
8
What is the tens digit of 24124?
2
What is the tens digit of 5877?
7
What is the tens digit of 3921?
2
What is the hundreds digit of 452?
4
What is the ten thousands digit of 33183?
3
What is the hundreds digit of 6111?
1
What is the tens digit of 15339?
3
What is the units digit of 3397?
7
What is the tens digit of 94941?
4
What is the tens digit of 85343?
4
What is the tens digit of 1035?
3
What is the tens digit of 45799?
9
What is the hundreds digit of 607?
6
What is the thousands digit of 25513?
5
What is the units digit of 194?
4
What is the thousands digit of 3479?
3
What is the thousands digit of 1633?
1
What is the hundreds digit of 365?
3
What is the units digit of 12075?
5
What is the tens digit of 9463?
6
What is the thousands digit of 2260?
2
What is the thousands digit of 1714?
1
What is the tens digit of 11672?
7
What is the tens digit of 8273?
7
What is the units digit of 8746?
6
What is the tens digit of 20381?
8
What is the hundreds digit of 15986?
9
What is the thousands digit of 2242?
2
What is the units digit of 12?
2
What is the hundreds digit of 114370?
3
What is the units digit of 1110?
0
What is the hundreds digit of 34972?
9
What is the thousands digit of 34246?
4
What is the hundreds digit of 536?
5
What is the units digit of 284?
4
What is the units digit of 2381?
1
What is the units digit of 50059?
9
What is the tens digit of 226?
2
What is the tens digit of 15393?
9
What is the units digit of 57?
7
What is the tens digit of 60420?
2
What is the tens digit of 2720?
2
What is the tens digit of 25322?
2
What is the tens digit of 90?
9
What is the tens digit of 5480?
8
What is the hundreds digit of 4329?
3
What is the units digit of 483?
3
What is the tens digit of 121?
2
What is the ten thousands digit of 86209?
8
What is the thousands digit of 1203?
1
What is the units digit of 7162?
2
What is the ten thousands digit of 28923?
2
What is the thousands digit of 62207?
2
What is the tens digit of 35349?
4
What is the tens digit of 23096?
9
What is the ten thousands digit of 24740?
2
What is the tens digit of 30768?
6
What is the tens digit of 95?
9
What is the hundreds digit of 1177?
1
What is the hundreds digit of 22544?
5
What is the ten thousands digit of 63430?
6
What is the hundreds digit of 1532?
5
What is the thousands digit of 58158?
8
What is the ten thousands digit of 63936?
6
What is the units digit of 17283?
3
What is the tens digit of 21?
2
What is the thousands digit of 2278?
2
What is the tens digit of 10469?
6
What is the units digit of 26508?
8
What is the thousands digit of 27843?
7
What is the tens digit of 82274?
7
What is the ten thousands digit of 30617?
3
What is the hundreds digit of 3785?
7
What is the tens digit of 445?
4
What is the hundreds digit of 56159?
1
What is the units digit of 8295?
5
What is the units digit of 5518?
8
What is the ten thousands digit of 26607?
2
What is the thousan